is divided by 2.
0
Suppose -z = f - 2, -z - 10 = z - 5*f. Let o(d) = d + 7. Calculate the remainder when 27 is divided by o(z).
6
Let q(b) = b**3 - b + 11. Let a be 1/(1/(-48)) - 2. Let f = a - -70. What is the remainder when f is divided by q(0)?
9
Let o = -24 + 61. Let g be 2/3*(-6)/(-4). What is the remainder when o is divided by (g - 14)*1*-1?
11
Suppose -6 + 21 = 5*f. Suppose f*o + 54 = 3*i, -5*i = o - 30 - 60. What is the remainder when 33 is divided by i?
15
Suppose 4*w + 0*r = -4*r + 136, -4*w = -r - 121. Suppose 5*o + 3 - 28 = 0. Let f(y) = 2*y**2 - 8*y + 6. What is the remainder when w is divided by f(o)?
15
Suppose 2*h = 3*h - 8. Let o(z) = 4*z + 10. Let j be o(5). Let s = -7 + j. Calculate the remainder when s is divided by h.
7
Let a = -355 - -232. Let t = a - -178. Let v(d) = d**2 + d - 1. What is the remainder when t is divided by v(-5)?
17
Let p(m) = -7 + 2 + 5*m + 0. Suppose 0 = 4*y - 4*f - 76, -4*y - 4*f + 2*f = -58. Calculate the remainder when p(7) is divided by y.
14
Let l(v) = v + 14. Let o be l(0). Suppose 0 = y - o - 0. What is the remainder when (2 + -8)*(-18)/4 is divided by y?
13
Let s = -14 + 0. Let u = s + 22. What is the remainder when 30 is divided by u?
6
Suppose 12 + 58 = 5*y. What is the remainder when (-388)/(-15) + (-8)/(-60) is divided by y?
12
Let d = -6 - -7. Calculate the remainder when 14 is divided by 0/d - 2 - -10.
6
Suppose 0 = -4*h + 28 + 24. What is the remainder when 23 is divided by h?
10
Let i(v) = -5*v - 1. Let x be i(-5). Suppose -4*a = -0*a - 16. Suppose 2*f - a*f + x = 0. What is the remainder when 35 is divided by f?
11
Let r(f) = 16*f - 2. Let g be r(2). Let y = g + 1. Suppose 0 = 4*z + k + k - 54, z = 5*k + 41. What is the remainder when y is divided by z?
15
Let y(s) be the second derivative of s**4/6 - s**3/2 + s**2/2 - s. What is the remainder when y(3) is divided by (18/(-3))/(9/(-6))?
2
Let q be 3/12 - 31/(-4). What is the remainder when (-9)/(-12)*q/1 is divided by 2?
0
Let v = -15 - -32. Let q(n) = 6*n**2 - n - 1. Let a = 0 - 1. What is the remainder when v is divided by q(a)?
5
Suppose -4*a + a - 5*g = -40, -35 = -2*a + 5*g. What is the remainder when (-112)/(-5) + (-6)/a is divided by 12?
10
Let f = -251 - -402. Let v = -90 + f. What is the remainder when v is divided by 13?
9
Let j(d) = d**2 + 6*d + 7. Let z be j(-5). Suppose -4*s = 3*r - 31, 3*s = z*r - 14 - 1. Let c = -41 - -67. What is the remainder when c is divided by r?
8
Let p = 262 + -66. Calculate the remainder when p is divided by 18.
16
Calculate the remainder when 1/(-2) - 497/(-14) is divided by 9.
8
Suppose 0*w = -5*w - 15, 0 = -3*o - 4*w - 12. Suppose -4*c + 3*c - 8 = o. Calculate the remainder when (-3)/12 + (-130)/c is divided by 9.
7
Let d(g) = -2*g + 5. Let a(j) = -3*j + 9. Let u(i) = 3*a(i) - 5*d(i). What is the remainder when 38 is divided by u(8)?
8
Let k be (-6)/((-1)/3*-3). Let o(v) = 8 - 2 + v**2 + 2 + 7*v. What is the remainder when 2 is divided by o(k)?
0
Let u be 2*2/(-8)*-14. Suppose u*s = 3*s + 392. Calculate the remainder when s is divided by 25.
23
Let n be (7 - 4)*(-4)/6. Calculate the remainder when n*93/6*-1 is divided by 11.
9
Calculate the remainder when 25 is divided by 4*-1 + (17*-3)/(-3).
12
Let r = -8 + 19. Suppose -m - r = -2*q + 16, -4*q + 75 = 5*m. What is the remainder when q is divided by 4?
3
Let z(t) = -3*t - 2. Let i be z(-1). Calculate the remainder when 15 is divided by ((-8)/(-6) - i)*18.
3
Let m be 2/(-5) - (-4)/10. Calculate the remainder when 41 is divided by (-28 - m)/(-2 - 0).
13
Let d be (-28)/(-16) - 3/4. Suppose -4*z - d = -9. Let h = 3 - z. Calculate the remainder when 2 is divided by h.
0
Let a(n) = -2*n - 5. Let x be a(-4). Suppose 3 = 3*j - x. Suppose 14 + 18 = j*b. What is the remainder when 30 is divided by b?
14
Calculate the remainder when 24 is divided by ((-13)/(195/50))/(2/(-6)).
4
Let n(d) = -d**2 + 6*d + 4. Let m = 71 + -24. Calculate the remainder when m is divided by n(4).
11
Let j = 0 - -20. Suppose z + 78 = 3*z. What is the remainder when z is divided by j?
19
Suppose 0*w = 5*w - 45. What is the remainder when 14 is divided by w?
5
Let o = 3 - -2. Suppose o = -4*q + 25. What is the remainder when 8 is divided by q?
3
Let t(g) = g**2 + 7*g - 3. Let l(v) = -9*v - 2. What is the remainder when l(-5) is divided by t(-9)?
13
Suppose 4*f - 305 = -61. Let y = -31 + f. Calculate the remainder when y is divided by (-7)/(-1) + 2/2.
6
Suppose 0 = 5*h - 6 - 79. Calculate the remainder when h is divided by 11.
6
Let q = 2 - -77. Let m = q + -50. What is the remainder when m is divided by 8?
5
Let a(q) = -q**3 + 4*q**2 + q + 1. What is the remainder when a(2) is divided by 6?
5
Let p(c) = -c**2 + 13*c - 3. What is the remainder when 41 is divided by p(12)?
5
Let q be (-1 + 7)*(-4)/3. Calculate the remainder when (-66)/q - 1/4 is divided by 5.
3
Suppose 0 = -2*r + 3*r - 10. Suppose -2*q + 5 = 5*d, -2*d = -0*q + 4*q - 2. Suppose 5*y - 83 - 12 = q. Calculate the remainder when y is divided by r.
9
Let s(w) = -24*w**2 + 2*w**3 - 3*w**3 + 0*w**3 - 10 - 2*w + 32*w**2. What is the remainder when s(7) is divided by 7?
4
Let h(t) = 8*t + 27. Calculate the remainder when h(6) is divided by 7.
5
Let i(t) = -5*t - 2. Suppose -2*o = -o. Suppose -3*c = 5*x - 4 - 1, -x + 3*c - 17 = o. Calculate the remainder when 15 is divided by i(x).
7
Let a = -827 + 1454. Suppose 2*w + 2*w = -5*s + a, 4*w = 12. Calculate the remainder when s is divided by 31.
30
Let v(l) = l - 16. Let m(d) = d - 1. Let s(z) = -6*m(z) + v(z). Calculate the remainder when s(-7) is divided by 9.
7
Suppose 5*v - 3 = k + 5, -3*v = -5*k + 26. Suppose 0 = -t - 0*t + 7. Suppose t*z - 50 = 5*z. Calculate the remainder when z is divided by k.
4
Let d(p) = p**3 - 8*p**2 - 7*p + 3. Let k be d(9). Suppose -5*i - k = -2*b, -5*b + 3*i + 68 = 6*i. What is the remainder when 50 is divided by b?
11
Let m = -19 - -34. Let o(s) = s**2 - 3*s - 13. What is the remainder when o(8) is divided by m?
12
Let j = 11 + -4. Calculate the remainder when 39 is divided by j.
4
Suppose -14*p = -6*p - 408. What is the remainder when p is divided by 13?
12
Let m(f) = -20*f + 3. What is the remainder when m(-2) is divided by 15?
13
Let d(a) = -26*a - 1. Let m be d(-2). Let p = m + -8. What is the remainder when p is divided by 22?
21
Let o be (-2433)/(-12) + (-3)/(-12). Suppose -4*t - q = -0*t - o, t - 50 = -q. Calculate the remainder when t is divided by 13.
12
Let f(u) = u**2 + 7*u + 5. Let b be (14 - 2)/((-3)/2). Calculate the remainder when 3 + 32 - 4/(-2) is divided by f(b).
11
Calculate the remainder when 6/10 - (-6)/45*93 is divided by 5.
3
Let l(s) = 3*s**2 + 3*s - 1. What is the remainder when 49 is divided by l(2)?
15
Suppose -2*h - 25 = 3*h. Let l = -1 - h. What is the remainder when 11 is divided by l?
3
Suppose 0 = 4*f - 2*h - 10, 0*h + 18 = 3*f - 5*h. Calculate the remainder when (4/4)/(1/2) is divided by f.
0
Suppose -554 = -2*t - 4*a, 5*a + 200 = 2*t - 318. Calculate the remainder when t is divided by 27.
26
Let p(v) = 5*v**2 - v + 1. Suppose 5*f - 4*h = 32, 2*f + 2*f - 38 = -3*h. Calculate the remainder when f is divided by p(1).
3
Calculate the remainder when 63 is divided by 133/7 - (-3)/(-1).
15
Let g be -2*(-3 - (-2)/4). Suppose -5*n + 130 = -5*c, -g*c = -4*c. What is the remainder when n is divided by 27/2 + (-1)/(-2)?
12
Let m = -17 - -89. What is the remainder when m is divided by 19?
15
Let m(h) = 2*h**2 - 2*h + 2. Let p = 43 + 11. Calculate the remainder when p is divided by m(3).
12
Calculate the remainder when (1 - (-2667)/27) + (-10)/(-45) is divided by 26.
22
Let h(m) = -m**3 + 18*m**2 - m + 52. What is the remainder when h(18) is divided by 9?
7
Let f(a) = -a - 14. What is the remainder when f(-19) is divided by 2?
1
What is the remainder when 17 is divided by (-12)/9 - 64/(-12)?
1
Suppose -4*a + 23 = -49. What is the remainder when 51 is divided by a?
15
Let j(i) be the third derivative of i**5/60 + 5*i**4/24 - i**3/6 - i**2. Let f be j(-5). What is the remainder when 13 is divided by f*2 + 2 + 5?
3
Let t = 38 - 21. What is the remainder when 64 is divided by t?
13
Suppose -2*l = 2*a + l - 18, -l = -2*a + 10. Let x(f) = -7 - 50*f + 2*f**2 - 1 + 43*f. What is the remainder when x(a) is divided by 12?
10
Suppose -